{"id":2,"date":"2019-11-28T15:11:40","date_gmt":"2019-11-28T14:11:40","guid":{"rendered":"https:\/\/longsformats.artecom.studio\/femmesetpouvoir\/?page_id=2"},"modified":"2020-03-10T12:35:18","modified_gmt":"2020-03-10T11:35:18","slug":"contributeur-rices","status":"publish","type":"page","link":"https:\/\/longsformats.artecom.studio\/femmesetpouvoir\/contributeur-rices\/","title":{"rendered":"Contributeur\u00b7rice\u00b7s"},"content":{"rendered":"\n<p><\/p>\n\n\n\n<p><\/p>\n\n\n\n<div class=\"wp-block-image\"><figure class=\"aligncenter is-resized\"><img loading=\"lazy\" decoding=\"async\" src=\"https:\/\/longsformats.artecom.studio\/femmesetpouvoir\/wp-content\/uploads\/sites\/7\/2020\/03\/lina-bis.png\" alt=\"\" class=\"wp-image-526\" width=\"223\" height=\"223\" srcset=\"https:\/\/longsformats.artecom.studio\/femmesetpouvoir\/wp-content\/uploads\/sites\/7\/2020\/03\/lina-bis.png 600w, https:\/\/longsformats.artecom.studio\/femmesetpouvoir\/wp-content\/uploads\/sites\/7\/2020\/03\/lina-bis-150x150.png 150w, https:\/\/longsformats.artecom.studio\/femmesetpouvoir\/wp-content\/uploads\/sites\/7\/2020\/03\/lina-bis-300x300.png 300w, https:\/\/longsformats.artecom.studio\/femmesetpouvoir\/wp-content\/uploads\/sites\/7\/2020\/03\/lina-bis-400x400.png 400w, https:\/\/longsformats.artecom.studio\/femmesetpouvoir\/wp-content\/uploads\/sites\/7\/2020\/03\/lina-bis-200x200.png 200w\" sizes=\"auto, (max-width: 223px) 100vw, 223px\" \/><\/figure><\/div>\n\n\n\n<h2 class=\"wp-block-heading\" style=\"text-align:center\">Lina Godet<\/h2>\n\n\n\n<figure class=\"wp-block-pullquote\"><blockquote><p>Voyager, c&rsquo;est partir \u00e0 la d\u00e9couverte de l&rsquo;autre. Et le premier inconnu \u00e0 d\u00e9couvrir, c&rsquo;est vous.<\/p><cite><a href=\"https:\/\/www.olivier-follmi.net\/\" target=\"_blank\" rel=\"noreferrer noopener\" aria-label=\"OLIVIER FOLLMI (s\u2019ouvre dans un nouvel onglet)\">OLIVIER FOLLMI<\/a><\/cite><\/blockquote><\/figure>\n\n\n\n<p><\/p>\n\n\n\n<p><\/p>\n\n\n\n<div class=\"wp-block-image\"><figure class=\"aligncenter is-resized\"><img loading=\"lazy\" decoding=\"async\" src=\"https:\/\/longsformats.artecom.studio\/femmesetpouvoir\/wp-content\/uploads\/sites\/7\/2020\/03\/jeanne.jpg\" alt=\"\" class=\"wp-image-523\" width=\"223\" height=\"223\" srcset=\"https:\/\/longsformats.artecom.studio\/femmesetpouvoir\/wp-content\/uploads\/sites\/7\/2020\/03\/jeanne.jpg 600w, https:\/\/longsformats.artecom.studio\/femmesetpouvoir\/wp-content\/uploads\/sites\/7\/2020\/03\/jeanne-150x150.jpg 150w, https:\/\/longsformats.artecom.studio\/femmesetpouvoir\/wp-content\/uploads\/sites\/7\/2020\/03\/jeanne-300x300.jpg 300w, https:\/\/longsformats.artecom.studio\/femmesetpouvoir\/wp-content\/uploads\/sites\/7\/2020\/03\/jeanne-400x400.jpg 400w, https:\/\/longsformats.artecom.studio\/femmesetpouvoir\/wp-content\/uploads\/sites\/7\/2020\/03\/jeanne-200x200.jpg 200w\" sizes=\"auto, (max-width: 223px) 100vw, 223px\" \/><\/figure><\/div>\n\n\n\n<h2 class=\"wp-block-heading\" style=\"text-align:center\">Jeanne Grimaud<\/h2>\n\n\n\n<figure class=\"wp-block-pullquote\"><blockquote><p>God Save the Queen. <\/p><cite><a href=\"https:\/\/www.youtube.com\/watch?v=KVvh-XdG20s\" target=\"_blank\" rel=\"noreferrer noopener\" aria-label=\"HYMNE NATIONAL DU ROYAUME-UNI (s\u2019ouvre dans un nouvel onglet)\">HYMNE NATIONAL DU ROYAUME-UNI<\/a><\/cite><\/blockquote><\/figure>\n\n\n\n<p><\/p>\n\n\n\n<p><\/p>\n\n\n\n<div class=\"wp-block-image\"><figure class=\"aligncenter is-resized\"><img loading=\"lazy\" decoding=\"async\" src=\"https:\/\/longsformats.artecom.studio\/femmesetpouvoir\/wp-content\/uploads\/sites\/7\/2020\/03\/mazarine.png\" alt=\"\" class=\"wp-image-525\" width=\"223\" height=\"223\" srcset=\"https:\/\/longsformats.artecom.studio\/femmesetpouvoir\/wp-content\/uploads\/sites\/7\/2020\/03\/mazarine.png 600w, https:\/\/longsformats.artecom.studio\/femmesetpouvoir\/wp-content\/uploads\/sites\/7\/2020\/03\/mazarine-150x150.png 150w, https:\/\/longsformats.artecom.studio\/femmesetpouvoir\/wp-content\/uploads\/sites\/7\/2020\/03\/mazarine-300x300.png 300w, https:\/\/longsformats.artecom.studio\/femmesetpouvoir\/wp-content\/uploads\/sites\/7\/2020\/03\/mazarine-400x400.png 400w, https:\/\/longsformats.artecom.studio\/femmesetpouvoir\/wp-content\/uploads\/sites\/7\/2020\/03\/mazarine-200x200.png 200w\" sizes=\"auto, (max-width: 223px) 100vw, 223px\" \/><\/figure><\/div>\n\n\n\n<h2 class=\"wp-block-heading\" style=\"text-align:center\">  Mazarine Jauberthie  <\/h2>\n\n\n\n<figure class=\"wp-block-pullquote\"><blockquote><p>Le regard est un choix. Celui qui regarde d\u00e9cide de se fixer sur telle chose et donc forc\u00e9ment d&rsquo;exclure de son attention le reste de son champ vision. C&rsquo;est en quoi le regard, qui est l&rsquo;essence de la vie, est d&rsquo;abord un refus.<\/p><cite><a href=\"http:\/\/www.amelie-nothomb.com\/\" target=\"_blank\" rel=\"noreferrer noopener\" aria-label=\"AM\u00c9LIE NOTHOMB (s\u2019ouvre dans un nouvel onglet)\">AM\u00c9LIE NOTHOMB<\/a><\/cite><\/blockquote><\/figure>\n\n\n\n<p><\/p>\n\n\n\n<p><\/p>\n\n\n\n<div class=\"wp-block-image\"><figure class=\"aligncenter is-resized\"><img loading=\"lazy\" decoding=\"async\" src=\"https:\/\/longsformats.artecom.studio\/femmesetpouvoir\/wp-content\/uploads\/sites\/7\/2020\/03\/haneul.png\" alt=\"\" class=\"wp-image-513\" width=\"223\" height=\"223\" srcset=\"https:\/\/longsformats.artecom.studio\/femmesetpouvoir\/wp-content\/uploads\/sites\/7\/2020\/03\/haneul.png 600w, https:\/\/longsformats.artecom.studio\/femmesetpouvoir\/wp-content\/uploads\/sites\/7\/2020\/03\/haneul-150x150.png 150w, https:\/\/longsformats.artecom.studio\/femmesetpouvoir\/wp-content\/uploads\/sites\/7\/2020\/03\/haneul-300x300.png 300w, https:\/\/longsformats.artecom.studio\/femmesetpouvoir\/wp-content\/uploads\/sites\/7\/2020\/03\/haneul-400x400.png 400w, https:\/\/longsformats.artecom.studio\/femmesetpouvoir\/wp-content\/uploads\/sites\/7\/2020\/03\/haneul-200x200.png 200w\" sizes=\"auto, (max-width: 223px) 100vw, 223px\" \/><\/figure><\/div>\n\n\n\n<h2 class=\"wp-block-heading\" style=\"text-align:center\"> Haneul Lavou<\/h2>\n\n\n\n<figure class=\"wp-block-pullquote\"><blockquote><p>La vie est un r\u00eave. Le r\u00eave du soir est notre vie.<\/p><cite><a href=\"https:\/\/www.pika.fr\/auteurs\/clamp\" target=\"_blank\" rel=\"noreferrer noopener\" aria-label=\" (s\u2019ouvre dans un nouvel onglet)\">CLAMP<\/a><\/cite><\/blockquote><\/figure>\n\n\n\n<p><\/p>\n\n\n\n<p><\/p>\n\n\n\n<div class=\"wp-block-image\"><figure class=\"aligncenter is-resized\"><img loading=\"lazy\" decoding=\"async\" src=\"https:\/\/longsformats.artecom.studio\/femmesetpouvoir\/wp-content\/uploads\/sites\/7\/2020\/03\/aur\u00e9lie-1.png\" alt=\"\" class=\"wp-image-517\" width=\"223\" height=\"223\" srcset=\"https:\/\/longsformats.artecom.studio\/femmesetpouvoir\/wp-content\/uploads\/sites\/7\/2020\/03\/aur\u00e9lie-1.png 305w, https:\/\/longsformats.artecom.studio\/femmesetpouvoir\/wp-content\/uploads\/sites\/7\/2020\/03\/aur\u00e9lie-1-150x150.png 150w, https:\/\/longsformats.artecom.studio\/femmesetpouvoir\/wp-content\/uploads\/sites\/7\/2020\/03\/aur\u00e9lie-1-298x300.png 298w, https:\/\/longsformats.artecom.studio\/femmesetpouvoir\/wp-content\/uploads\/sites\/7\/2020\/03\/aur\u00e9lie-1-200x200.png 200w, https:\/\/longsformats.artecom.studio\/femmesetpouvoir\/wp-content\/uploads\/sites\/7\/2020\/03\/aur\u00e9lie-1-300x300.png 300w\" sizes=\"auto, (max-width: 223px) 100vw, 223px\" \/><\/figure><\/div>\n\n\n\n<h2 class=\"wp-block-heading\" style=\"text-align:center\"> Aur\u00e9lie Lopez<\/h2>\n\n\n\n<figure class=\"wp-block-pullquote\"><blockquote><p>On se l\u00e8ve et on se casse. C&rsquo;est termin\u00e9. On se l\u00e8ve. On se casse. On gueule. On vous emmerde.<\/p><cite><a href=\"https:\/\/www.liberation.fr\/debats\/2020\/03\/01\/cesars-desormais-on-se-leve-et-on-se-barre_1780212\" target=\"_blank\" rel=\"noreferrer noopener\" aria-label=\" (s\u2019ouvre dans un nouvel onglet)\">VIRGINIE DESPENTES<\/a><br><\/cite><\/blockquote><\/figure>\n\n\n\n<p><\/p>\n\n\n\n<p><\/p>\n\n\n\n<div class=\"wp-block-image\"><figure class=\"aligncenter is-resized\"><img loading=\"lazy\" decoding=\"async\" src=\"https:\/\/longsformats.artecom.studio\/femmesetpouvoir\/wp-content\/uploads\/sites\/7\/2020\/03\/sol\u00e8ne.png\" alt=\"\" class=\"wp-image-512\" width=\"223\" height=\"223\" srcset=\"https:\/\/longsformats.artecom.studio\/femmesetpouvoir\/wp-content\/uploads\/sites\/7\/2020\/03\/sol\u00e8ne.png 600w, https:\/\/longsformats.artecom.studio\/femmesetpouvoir\/wp-content\/uploads\/sites\/7\/2020\/03\/sol\u00e8ne-150x150.png 150w, https:\/\/longsformats.artecom.studio\/femmesetpouvoir\/wp-content\/uploads\/sites\/7\/2020\/03\/sol\u00e8ne-300x300.png 300w, https:\/\/longsformats.artecom.studio\/femmesetpouvoir\/wp-content\/uploads\/sites\/7\/2020\/03\/sol\u00e8ne-400x400.png 400w, https:\/\/longsformats.artecom.studio\/femmesetpouvoir\/wp-content\/uploads\/sites\/7\/2020\/03\/sol\u00e8ne-200x200.png 200w\" sizes=\"auto, (max-width: 223px) 100vw, 223px\" \/><\/figure><\/div>\n\n\n\n<h2 class=\"wp-block-heading\" style=\"text-align:center\"> Sol\u00e8ne Marteau<\/h2>\n\n\n\n<figure class=\"wp-block-pullquote\"><blockquote><p>A mind is like a parachute. It doesn&rsquo;t work when it&rsquo;s not open.<\/p><cite><a href=\"https:\/\/www.youtube.com\/watch?v=zXP_pr7np-o\" target=\"_blank\" rel=\"noreferrer noopener\" aria-label=\"FRANK ZAPPA (s\u2019ouvre dans un nouvel onglet)\">FRANK ZAPPA<\/a><\/cite><\/blockquote><\/figure>\n","protected":false},"excerpt":{"rendered":"<p>Lina Godet Voyager, c&rsquo;est partir \u00e0 la d\u00e9couverte de l&rsquo;autre. Et le premier inconnu \u00e0 d\u00e9couvrir, c&rsquo;est vous. OLIVIER FOLLMI Jeanne Grimaud God Save the Queen. HYMNE NATIONAL DU ROYAUME-UNI Mazarine Jauberthie Le regard est un choix. Celui qui regarde d\u00e9cide de se fixer sur telle chose et donc forc\u00e9ment d&rsquo;exclure de son attention le [&hellip;]<\/p>\n","protected":false},"author":1,"featured_media":0,"parent":0,"menu_order":0,"comment_status":"closed","ping_status":"open","template":"","meta":{"footnotes":""},"class_list":["post-2","page","type-page","status-publish","hentry","aesop-entry-content"],"_links":{"self":[{"href":"https:\/\/longsformats.artecom.studio\/femmesetpouvoir\/wp-json\/wp\/v2\/pages\/2","targetHints":{"allow":["GET"]}}],"collection":[{"href":"https:\/\/longsformats.artecom.studio\/femmesetpouvoir\/wp-json\/wp\/v2\/pages"}],"about":[{"href":"https:\/\/longsformats.artecom.studio\/femmesetpouvoir\/wp-json\/wp\/v2\/types\/page"}],"author":[{"embeddable":true,"href":"https:\/\/longsformats.artecom.studio\/femmesetpouvoir\/wp-json\/wp\/v2\/users\/1"}],"replies":[{"embeddable":true,"href":"https:\/\/longsformats.artecom.studio\/femmesetpouvoir\/wp-json\/wp\/v2\/comments?post=2"}],"version-history":[{"count":12,"href":"https:\/\/longsformats.artecom.studio\/femmesetpouvoir\/wp-json\/wp\/v2\/pages\/2\/revisions"}],"predecessor-version":[{"id":805,"href":"https:\/\/longsformats.artecom.studio\/femmesetpouvoir\/wp-json\/wp\/v2\/pages\/2\/revisions\/805"}],"wp:attachment":[{"href":"https:\/\/longsformats.artecom.studio\/femmesetpouvoir\/wp-json\/wp\/v2\/media?parent=2"}],"curies":[{"name":"wp","href":"https:\/\/api.w.org\/{rel}","templated":true}]}}