{"id":184,"date":"2020-02-26T17:53:06","date_gmt":"2020-02-26T16:53:06","guid":{"rendered":"https:\/\/longsformats.artecom.studio\/communicationpoltoulouse\/?page_id=184"},"modified":"2020-02-29T19:22:15","modified_gmt":"2020-02-29T18:22:15","slug":"toulouse-et-la-mobilite","status":"publish","type":"page","link":"https:\/\/longsformats.artecom.studio\/communicationpoltoulouse\/toulouse-et-la-mobilite\/","title":{"rendered":"Toulouse et la mobilit\u00e9"},"content":{"rendered":"\n<p>Pour faire face \u00e0 l&rsquo;augmentation de sa population mais aussi pour rester attractive, la mairie de Toulouse a lanc\u00e9 de grands projets, notamment dans les transports. <\/p>\n\n\n\n<p>Venez d\u00e9couvrir <em>comment<\/em> la municipalit\u00e9 et Toulouse M\u00e9tropole \u00e9voquent   les 2 projets les plus importants dans ce secteur ; \u00e0 savoir la <a rel=\"noreferrer noopener\" aria-label=\"cr\u00e9ation de la ligne 3 du m\u00e9tro (s\u2019ouvre dans un nouvel onglet)\" href=\"https:\/\/longsformats.artecom.studio\/communicationpoltoulouse\/2020\/02\/13\/toulouse-et-son-metro\/\" target=\"_blank\">cr\u00e9ation de la ligne 3 du m\u00e9tro<\/a> et la <a rel=\"noreferrer noopener\" aria-label=\"construction d'un t\u00e9l\u00e9ph\u00e9rique urbain (s\u2019ouvre dans un nouvel onglet)\" href=\"https:\/\/longsformats.artecom.studio\/communicationpoltoulouse\/2020\/02\/20\/le-telepherique-toulousain-un-exemple-de-marketing-territorial\/\" target=\"_blank\">construction d&rsquo;un t\u00e9l\u00e9ph\u00e9rique urbain<\/a>, et <em>les enjeux<\/em> qui se cachent derri\u00e8re ces projets.<\/p>\n","protected":false},"excerpt":{"rendered":"<p>Pour faire face \u00e0 l&rsquo;augmentation de sa population mais aussi pour rester attractive, la mairie de Toulouse a lanc\u00e9 de grands projets, notamment dans les transports. Venez d\u00e9couvrir comment la municipalit\u00e9 et Toulouse M\u00e9tropole \u00e9voquent les 2 projets les plus importants dans ce secteur ; \u00e0 savoir la cr\u00e9ation de la ligne 3 du m\u00e9tro [&hellip;]<\/p>\n","protected":false},"author":15,"featured_media":240,"parent":0,"menu_order":0,"comment_status":"closed","ping_status":"closed","template":"","meta":{"footnotes":""},"class_list":{"0":"post-184","1":"page","2":"type-page","3":"status-publish","4":"has-post-thumbnail","5":"hentry","7":"aesop-entry-content"},"_links":{"self":[{"href":"https:\/\/longsformats.artecom.studio\/communicationpoltoulouse\/wp-json\/wp\/v2\/pages\/184","targetHints":{"allow":["GET"]}}],"collection":[{"href":"https:\/\/longsformats.artecom.studio\/communicationpoltoulouse\/wp-json\/wp\/v2\/pages"}],"about":[{"href":"https:\/\/longsformats.artecom.studio\/communicationpoltoulouse\/wp-json\/wp\/v2\/types\/page"}],"author":[{"embeddable":true,"href":"https:\/\/longsformats.artecom.studio\/communicationpoltoulouse\/wp-json\/wp\/v2\/users\/15"}],"replies":[{"embeddable":true,"href":"https:\/\/longsformats.artecom.studio\/communicationpoltoulouse\/wp-json\/wp\/v2\/comments?post=184"}],"version-history":[{"count":7,"href":"https:\/\/longsformats.artecom.studio\/communicationpoltoulouse\/wp-json\/wp\/v2\/pages\/184\/revisions"}],"predecessor-version":[{"id":523,"href":"https:\/\/longsformats.artecom.studio\/communicationpoltoulouse\/wp-json\/wp\/v2\/pages\/184\/revisions\/523"}],"wp:featuredmedia":[{"embeddable":true,"href":"https:\/\/longsformats.artecom.studio\/communicationpoltoulouse\/wp-json\/wp\/v2\/media\/240"}],"wp:attachment":[{"href":"https:\/\/longsformats.artecom.studio\/communicationpoltoulouse\/wp-json\/wp\/v2\/media?parent=184"}],"curies":[{"name":"wp","href":"https:\/\/api.w.org\/{rel}","templated":true}]}}